{"id":285880,"date":"2026-08-27T14:57:12","date_gmt":"2026-08-27T14:57:12","guid":{"rendered":"https:\/\/iguality.org\/event\/the-art-of-well-being\/"},"modified":"2026-08-27T15:21:19","modified_gmt":"2026-08-27T15:21:19","slug":"de-kunst-van-het-welzijn","status":"publish","type":"event","link":"https:\/\/iguality.org\/nl\/event\/the-art-of-well-being\/","title":{"rendered":"De kunst van het welzijn: een gemeenschapsdag rond het Catalaanse erfgoed"},"content":{"rendered":"","protected":false},"excerpt":{"rendered":"<p>Ter gelegenheid van de Werelddag voor Geestelijke Gezondheid nodigt Iguality de inwoners van El Raval \u2013 zowel oude bewoners als nieuwkomers \u2013 uit om samen aan de slag te gaan tijdens een gratis artistieke bijeenkomst, ge\u00efnspireerd door Mir\u00f3, T\u00e0pies en de trencad\u00eds-traditie. <\/p>","protected":false},"featured_media":285881,"parent":0,"template":"","meta":{"_acf_changed":false,"_et_pb_use_builder":"","_et_pb_old_content":"","_et_gb_content_width":""},"class_list":["post-285880","event","type-event","status-publish","has-post-thumbnail","hentry"],"acf":[],"aioseo_notices":[],"aioseo_head":"\n\t\t<!-- All in One SEO 5.0.1.1 - aioseo.com -->\n\t<meta name=\"description\" content=\"For World Mental Health Day, Iguality invites the people of El Raval, long-time residents and newcomers alike, to create together at a free artistic gathering inspired by Mir\u00f3, T\u00e0pies and the trencad\u00eds tradition.\" \/>\n\t<meta name=\"robots\" content=\"max-image-preview:large\" \/>\n\t<link rel=\"canonical\" href=\"https:\/\/iguality.org\/nl\/event\/the-art-of-well-being\/\" \/>\n\t<meta name=\"generator\" content=\"All in One SEO (AIOSEO) 5.0.1.1\" \/>\n\t\t<meta property=\"og:locale\" content=\"nl_NL\" \/>\n\t\t<meta property=\"og:site_name\" content=\"Iguality - Making mental health care accessible to all.\" \/>\n\t\t<meta property=\"og:type\" content=\"article\" \/>\n\t\t<meta property=\"og:title\" content=\"The Art of Well-Being: A community creation day using Catalan heritage - Iguality\" \/>\n\t\t<meta property=\"og:description\" content=\"For World Mental Health Day, Iguality invites the people of El Raval, long-time residents and newcomers alike, to create together at a free artistic gathering inspired by Mir\u00f3, T\u00e0pies and the trencad\u00eds tradition.\" \/>\n\t\t<meta property=\"og:url\" content=\"https:\/\/iguality.org\/nl\/event\/the-art-of-well-being\/\" \/>\n\t\t<meta property=\"og:image\" content=\"https:\/\/iguality.org\/wp-content\/uploads\/2026\/08\/Blog-Website-Covers-7.jpg\" \/>\n\t\t<meta property=\"og:image:secure_url\" content=\"https:\/\/iguality.org\/wp-content\/uploads\/2026\/08\/Blog-Website-Covers-7.jpg\" \/>\n\t\t<meta property=\"og:image:width\" content=\"1920\" \/>\n\t\t<meta property=\"og:image:height\" content=\"1080\" \/>\n\t\t<meta property=\"article:published_time\" content=\"2026-08-27T14:57:12+00:00\" \/>\n\t\t<meta property=\"article:modified_time\" content=\"2026-08-27T15:21:19+00:00\" \/>\n\t\t<meta name=\"twitter:card\" content=\"summary_large_image\" \/>\n\t\t<meta name=\"twitter:title\" content=\"The Art of Well-Being: A community creation day using Catalan heritage - Iguality\" \/>\n\t\t<meta name=\"twitter:description\" content=\"For World Mental Health Day, Iguality invites the people of El Raval, long-time residents and newcomers alike, to create together at a free artistic gathering inspired by Mir\u00f3, T\u00e0pies and the trencad\u00eds tradition.\" \/>\n\t\t<meta name=\"twitter:image\" content=\"https:\/\/iguality.org\/wp-content\/uploads\/2026\/08\/Blog-Website-Covers-7.jpg\" \/>\n\t\t<script type=\"application\/ld+json\" class=\"aioseo-schema\">\n\t\t\t{\"@context\":\"https:\\\/\\\/schema.org\",\"@graph\":[{\"@type\":\"BreadcrumbList\",\"@id\":\"https:\\\/\\\/iguality.org\\\/nl\\\/event\\\/the-art-of-well-being\\\/#breadcrumblist\",\"itemListElement\":[{\"@type\":\"ListItem\",\"@id\":\"https:\\\/\\\/iguality.org\\\/nl#listItem\",\"position\":1,\"name\":\"Home\",\"item\":\"https:\\\/\\\/iguality.org\\\/nl\",\"nextItem\":{\"@type\":\"ListItem\",\"@id\":\"https:\\\/\\\/iguality.org\\\/nl\\\/event\\\/the-art-of-well-being\\\/#listItem\",\"name\":\"The Art of Well-Being: A community creation day using Catalan heritage\"}},{\"@type\":\"ListItem\",\"@id\":\"https:\\\/\\\/iguality.org\\\/nl\\\/event\\\/the-art-of-well-being\\\/#listItem\",\"position\":2,\"name\":\"The Art of Well-Being: A community creation day using Catalan heritage\",\"previousItem\":{\"@type\":\"ListItem\",\"@id\":\"https:\\\/\\\/iguality.org\\\/nl#listItem\",\"name\":\"Home\"}}]},{\"@type\":\"Organization\",\"@id\":\"https:\\\/\\\/iguality.org\\\/nl\\\/#organization\",\"name\":\"Iguality Barcelona\",\"description\":\"Making mental health care accessible to all.\",\"url\":\"https:\\\/\\\/iguality.org\\\/nl\\\/\",\"email\":\"info@iguality.org\",\"foundingDate\":\"2022-08-22\",\"numberOfEmployees\":{\"@type\":\"QuantitativeValue\",\"minValue\":2,\"maxValue\":5},\"logo\":{\"@type\":\"ImageObject\",\"url\":\"https:\\\/\\\/iguality.org\\\/wp-content\\\/uploads\\\/2022\\\/08\\\/Logos-wide1.png\",\"@id\":\"https:\\\/\\\/iguality.org\\\/nl\\\/event\\\/the-art-of-well-being\\\/#organizationLogo\",\"width\":3000,\"height\":1000},\"image\":{\"@id\":\"https:\\\/\\\/iguality.org\\\/nl\\\/event\\\/the-art-of-well-being\\\/#organizationLogo\"}},{\"@type\":\"WebPage\",\"@id\":\"https:\\\/\\\/iguality.org\\\/nl\\\/event\\\/the-art-of-well-being\\\/#webpage\",\"url\":\"https:\\\/\\\/iguality.org\\\/nl\\\/event\\\/the-art-of-well-being\\\/\",\"name\":\"The Art of Well-Being: A community creation day using Catalan heritage - Iguality\",\"description\":\"For World Mental Health Day, Iguality invites the people of El Raval, long-time residents and newcomers alike, to create together at a free artistic gathering inspired by Mir\\u00f3, T\\u00e0pies and the trencad\\u00eds tradition.\",\"inLanguage\":\"nl-NL-formal\",\"isPartOf\":{\"@id\":\"https:\\\/\\\/iguality.org\\\/nl\\\/#website\"},\"breadcrumb\":{\"@id\":\"https:\\\/\\\/iguality.org\\\/nl\\\/event\\\/the-art-of-well-being\\\/#breadcrumblist\"},\"image\":{\"@type\":\"ImageObject\",\"url\":\"https:\\\/\\\/iguality.org\\\/wp-content\\\/uploads\\\/2026\\\/08\\\/Blog-Website-Covers-7.jpg\",\"@id\":\"https:\\\/\\\/iguality.org\\\/nl\\\/event\\\/the-art-of-well-being\\\/#mainImage\",\"width\":1920,\"height\":1080},\"primaryImageOfPage\":{\"@id\":\"https:\\\/\\\/iguality.org\\\/nl\\\/event\\\/the-art-of-well-being\\\/#mainImage\"},\"datePublished\":\"2026-08-27T14:57:12+00:00\",\"dateModified\":\"2026-08-27T15:21:19+00:00\"},{\"@type\":\"WebSite\",\"@id\":\"https:\\\/\\\/iguality.org\\\/nl\\\/#website\",\"url\":\"https:\\\/\\\/iguality.org\\\/nl\\\/\",\"name\":\"Iguality\",\"alternateName\":\"ASSOCIACI\\u00d3 IGUALITY LAB I COMUNITAT\",\"description\":\"Making mental health care accessible to all.\",\"inLanguage\":\"nl-NL-formal\",\"publisher\":{\"@id\":\"https:\\\/\\\/iguality.org\\\/nl\\\/#organization\"}}]}\n\t\t<\/script>\n\t\t<!-- All in One SEO -->\n\n","aioseo_head_json":{"title":"De kunst van het welzijn: een creatieve dag voor de gemeenschap rond het Catalaanse erfgoed - Iguality","description":"Ter gelegenheid van de Werelddag voor Geestelijke Gezondheid nodigt Iguality de inwoners van El Raval \u2013 zowel oude bewoners als nieuwkomers \u2013 uit om samen aan de slag te gaan tijdens een gratis artistieke bijeenkomst, ge\u00efnspireerd door Mir\u00f3, T\u00e0pies en de trencad\u00eds-traditie.","canonical_url":"https:\/\/iguality.org\/nl\/event\/the-art-of-well-being\/","robots":"max-image-preview:large","keywords":"","webmasterTools":{"miscellaneous":""},"schema":{"@context":"https:\/\/schema.org","@graph":[{"@type":"BreadcrumbList","@id":"https:\/\/iguality.org\/nl\/event\/the-art-of-well-being\/#breadcrumblist","itemListElement":[{"@type":"ListItem","@id":"https:\/\/iguality.org\/nl#listItem","position":1,"name":"Home","item":"https:\/\/iguality.org\/nl","nextItem":{"@type":"ListItem","@id":"https:\/\/iguality.org\/nl\/event\/the-art-of-well-being\/#listItem","name":"The Art of Well-Being: A community creation day using Catalan heritage"}},{"@type":"ListItem","@id":"https:\/\/iguality.org\/nl\/event\/the-art-of-well-being\/#listItem","position":2,"name":"The Art of Well-Being: A community creation day using Catalan heritage","previousItem":{"@type":"ListItem","@id":"https:\/\/iguality.org\/nl#listItem","name":"Home"}}]},{"@type":"Organization","@id":"https:\/\/iguality.org\/nl\/#organization","name":"Iguality Barcelona","description":"Making mental health care accessible to all.","url":"https:\/\/iguality.org\/nl\/","email":"info@iguality.org","foundingDate":"2022-08-22","numberOfEmployees":{"@type":"QuantitativeValue","minValue":2,"maxValue":5},"logo":{"@type":"ImageObject","url":"https:\/\/iguality.org\/wp-content\/uploads\/2022\/08\/Logos-wide1.png","@id":"https:\/\/iguality.org\/nl\/event\/the-art-of-well-being\/#organizationLogo","width":3000,"height":1000},"image":{"@id":"https:\/\/iguality.org\/nl\/event\/the-art-of-well-being\/#organizationLogo"}},{"@type":"WebPage","@id":"https:\/\/iguality.org\/nl\/event\/the-art-of-well-being\/#webpage","url":"https:\/\/iguality.org\/nl\/event\/the-art-of-well-being\/","name":"The Art of Well-Being: A community creation day using Catalan heritage - Iguality","description":"For World Mental Health Day, Iguality invites the people of El Raval, long-time residents and newcomers alike, to create together at a free artistic gathering inspired by Mir\u00f3, T\u00e0pies and the trencad\u00eds tradition.","inLanguage":"nl-NL-formal","isPartOf":{"@id":"https:\/\/iguality.org\/nl\/#website"},"breadcrumb":{"@id":"https:\/\/iguality.org\/nl\/event\/the-art-of-well-being\/#breadcrumblist"},"image":{"@type":"ImageObject","url":"https:\/\/iguality.org\/wp-content\/uploads\/2026\/08\/Blog-Website-Covers-7.jpg","@id":"https:\/\/iguality.org\/nl\/event\/the-art-of-well-being\/#mainImage","width":1920,"height":1080},"primaryImageOfPage":{"@id":"https:\/\/iguality.org\/nl\/event\/the-art-of-well-being\/#mainImage"},"datePublished":"2026-08-27T14:57:12+00:00","dateModified":"2026-08-27T15:21:19+00:00"},{"@type":"WebSite","@id":"https:\/\/iguality.org\/nl\/#website","url":"https:\/\/iguality.org\/nl\/","name":"Iguality","alternateName":"ASSOCIACI\u00d3 IGUALITY LAB I COMUNITAT","description":"Making mental health care accessible to all.","inLanguage":"nl-NL-formal","publisher":{"@id":"https:\/\/iguality.org\/nl\/#organization"}}]},"og:locale":"nl_NL","og:site_name":"Iguality - Making mental health care accessible to all.","og:type":"article","og:title":"The Art of Well-Being: A community creation day using Catalan heritage - Iguality","og:description":"For World Mental Health Day, Iguality invites the people of El Raval, long-time residents and newcomers alike, to create together at a free artistic gathering inspired by Mir\u00f3, T\u00e0pies and the trencad\u00eds tradition.","og:url":"https:\/\/iguality.org\/nl\/event\/the-art-of-well-being\/","og:image":"https:\/\/iguality.org\/wp-content\/uploads\/2026\/08\/Blog-Website-Covers-7.jpg","og:image:secure_url":"https:\/\/iguality.org\/wp-content\/uploads\/2026\/08\/Blog-Website-Covers-7.jpg","og:image:width":1920,"og:image:height":1080,"article:published_time":"2026-08-27T14:57:12+00:00","article:modified_time":"2026-08-27T15:21:19+00:00","twitter:card":"summary_large_image","twitter:title":"The Art of Well-Being: A community creation day using Catalan heritage - Iguality","twitter:description":"For World Mental Health Day, Iguality invites the people of El Raval, long-time residents and newcomers alike, to create together at a free artistic gathering inspired by Mir\u00f3, T\u00e0pies and the trencad\u00eds tradition.","twitter:image":"https:\/\/iguality.org\/wp-content\/uploads\/2026\/08\/Blog-Website-Covers-7.jpg"},"aioseo_meta_data":{"post_id":"285880","title":null,"description":null,"keywords":null,"keyphrases":null,"primary_term":null,"canonical_url":null,"og_title":null,"og_description":null,"og_object_type":"default","og_image_type":"default","og_image_url":null,"og_image_width":null,"og_image_height":null,"og_image_custom_url":null,"og_image_custom_fields":null,"og_video":null,"og_custom_url":null,"og_article_section":null,"og_article_tags":null,"twitter_use_og":false,"twitter_card":"default","twitter_image_type":"default","twitter_image_url":null,"twitter_image_custom_url":null,"twitter_image_custom_fields":null,"twitter_title":null,"twitter_description":null,"schema":{"blockGraphs":[],"customGraphs":[],"default":{"data":{"Article":[],"Course":[],"Dataset":[],"FAQPage":[],"Movie":[],"Person":[],"Product":[],"ProductReview":[],"Car":[],"Recipe":[],"Service":[],"SoftwareApplication":[],"WebPage":[]},"graphName":"","isEnabled":true},"graphs":[]},"schema_type":"default","schema_type_options":null,"pillar_content":false,"robots_default":true,"robots_noindex":false,"robots_noarchive":false,"robots_nosnippet":false,"robots_nofollow":false,"robots_noimageindex":false,"robots_noodp":false,"robots_notranslate":false,"robots_max_snippet":null,"robots_max_videopreview":null,"robots_max_imagepreview":"large","priority":null,"frequency":null,"local_seo":null,"breadcrumb_settings":null,"limit_modified_date":false,"ai":null,"created":"2026-08-27 14:57:12","updated":"2026-08-27 20:58:31","seo_analyzer_scan_date":null,"focus_keyword":null,"additional_keywords":null,"truseo_locale":null},"aioseo_breadcrumb":"<div class=\"aioseo-breadcrumbs\"><span class=\"aioseo-breadcrumb\">\n\t\t\t<a href=\"https:\/\/iguality.org\/nl\" title=\"Home\">Home<\/a>\n\t\t<\/span><span class=\"aioseo-breadcrumb-separator\">&#x2023;<\/span><span class=\"aioseo-breadcrumb\">\n\t\t\tThe Art of Well-Being: A community creation day using Catalan heritage\n\t\t<\/span><\/div>","aioseo_breadcrumb_json":[{"label":"Home","link":"https:\/\/iguality.org\/nl"},{"label":"The Art of Well-Being: A community creation day using Catalan heritage","link":"https:\/\/iguality.org\/nl\/event\/the-art-of-well-being\/"}],"_links":{"self":[{"href":"https:\/\/iguality.org\/nl\/wp-json\/wp\/v2\/event\/285880","targetHints":{"allow":["GET"]}}],"collection":[{"href":"https:\/\/iguality.org\/nl\/wp-json\/wp\/v2\/event"}],"about":[{"href":"https:\/\/iguality.org\/nl\/wp-json\/wp\/v2\/types\/event"}],"wp:featuredmedia":[{"embeddable":true,"href":"https:\/\/iguality.org\/nl\/wp-json\/wp\/v2\/media\/285881"}],"wp:attachment":[{"href":"https:\/\/iguality.org\/nl\/wp-json\/wp\/v2\/media?parent=285880"}],"curies":[{"name":"wp","href":"https:\/\/api.w.org\/{rel}","templated":true}]}}

<p>Ter gelegenheid van de Werelddag voor Geestelijke Gezondheid nodigt Iguality de inwoners van El Raval – zowel oude bewoners als nieuwkomers – uit om samen aan de slag te gaan tijdens een gratis artistieke bijeenkomst, geïnspireerd door Miró, Tàpies en de trencadís-traditie. </p>

<!-- All in One SEO 5.0.1.1 - aioseo.com -->
	<meta name="description" content="For World Mental Health Day, Iguality invites the people of El Raval, long-time residents and newcomers alike, to create together at a free artistic gathering inspired by Miró, Tàpies and the trencadís tradition." />
	<meta name="robots" content="max-image-preview:large" />
	<link rel="canonical" href="https://iguality.org/nl/event/the-art-of-well-being/" />
	<meta name="generator" content="All in One SEO (AIOSEO) 5.0.1.1" />
		<meta property="og:locale" content="nl_NL" />
		<meta property="og:site_name" content="Iguality - Making mental health care accessible to all." />
		<meta property="og:type" content="article" />
		<meta property="og:title" content="The Art of Well-Being: A community creation day using Catalan heritage - Iguality" />
		<meta property="og:description" content="For World Mental Health Day, Iguality invites the people of El Raval, long-time residents and newcomers alike, to create together at a free artistic gathering inspired by Miró, Tàpies and the trencadís tradition." />
		<meta property="og:url" content="https://iguality.org/nl/event/the-art-of-well-being/" />
		<meta property="og:image" content="https://iguality.org/wp-content/uploads/2026/08/Blog-Website-Covers-7.jpg" />
		<meta property="og:image:secure_url" content="https://iguality.org/wp-content/uploads/2026/08/Blog-Website-Covers-7.jpg" />
		<meta property="og:image:width" content="1920" />
		<meta property="og:image:height" content="1080" />
		<meta property="article:published_time" content="2026-08-27T14:57:12+00:00" />
		<meta property="article:modified_time" content="2026-08-27T15:21:19+00:00" />
		<meta name="twitter:card" content="summary_large_image" />
		<meta name="twitter:title" content="The Art of Well-Being: A community creation day using Catalan heritage - Iguality" />
		<meta name="twitter:description" content="For World Mental Health Day, Iguality invites the people of El Raval, long-time residents and newcomers alike, to create together at a free artistic gathering inspired by Miró, Tàpies and the trencadís tradition." />
		<meta name="twitter:image" content="https://iguality.org/wp-content/uploads/2026/08/Blog-Website-Covers-7.jpg" />
		<script type="application/ld+json" class="aioseo-schema">
			{"@context":"https:\/\/schema.org","@graph":[{"@type":"BreadcrumbList","@id":"https:\/\/iguality.org\/nl\/event\/the-art-of-well-being\/#breadcrumblist","itemListElement":[{"@type":"ListItem","@id":"https:\/\/iguality.org\/nl#listItem","position":1,"name":"Home","item":"https:\/\/iguality.org\/nl","nextItem":{"@type":"ListItem","@id":"https:\/\/iguality.org\/nl\/event\/the-art-of-well-being\/#listItem","name":"The Art of Well-Being: A community creation day using Catalan heritage"}},{"@type":"ListItem","@id":"https:\/\/iguality.org\/nl\/event\/the-art-of-well-being\/#listItem","position":2,"name":"The Art of Well-Being: A community creation day using Catalan heritage","previousItem":{"@type":"ListItem","@id":"https:\/\/iguality.org\/nl#listItem","name":"Home"}}]},{"@type":"Organization","@id":"https:\/\/iguality.org\/nl\/#organization","name":"Iguality Barcelona","description":"Making mental health care accessible to all.","url":"https:\/\/iguality.org\/nl\/","email":"info@iguality.org","foundingDate":"2022-08-22","numberOfEmployees":{"@type":"QuantitativeValue","minValue":2,"maxValue":5},"logo":{"@type":"ImageObject","url":"https:\/\/iguality.org\/wp-content\/uploads\/2022\/08\/Logos-wide1.png","@id":"https:\/\/iguality.org\/nl\/event\/the-art-of-well-being\/#organizationLogo","width":3000,"height":1000},"image":{"@id":"https:\/\/iguality.org\/nl\/event\/the-art-of-well-being\/#organizationLogo"}},{"@type":"WebPage","@id":"https:\/\/iguality.org\/nl\/event\/the-art-of-well-being\/#webpage","url":"https:\/\/iguality.org\/nl\/event\/the-art-of-well-being\/","name":"The Art of Well-Being: A community creation day using Catalan heritage - Iguality","description":"For World Mental Health Day, Iguality invites the people of El Raval, long-time residents and newcomers alike, to create together at a free artistic gathering inspired by Mir\u00f3, T\u00e0pies and the trencad\u00eds tradition.","inLanguage":"nl-NL-formal","isPartOf":{"@id":"https:\/\/iguality.org\/nl\/#website"},"breadcrumb":{"@id":"https:\/\/iguality.org\/nl\/event\/the-art-of-well-being\/#breadcrumblist"},"image":{"@type":"ImageObject","url":"https:\/\/iguality.org\/wp-content\/uploads\/2026\/08\/Blog-Website-Covers-7.jpg","@id":"https:\/\/iguality.org\/nl\/event\/the-art-of-well-being\/#mainImage","width":1920,"height":1080},"primaryImageOfPage":{"@id":"https:\/\/iguality.org\/nl\/event\/the-art-of-well-being\/#mainImage"},"datePublished":"2026-08-27T14:57:12+00:00","dateModified":"2026-08-27T15:21:19+00:00"},{"@type":"WebSite","@id":"https:\/\/iguality.org\/nl\/#website","url":"https:\/\/iguality.org\/nl\/","name":"Iguality","alternateName":"ASSOCIACI\u00d3 IGUALITY LAB I COMUNITAT","description":"Making mental health care accessible to all.","inLanguage":"nl-NL-formal","publisher":{"@id":"https:\/\/iguality.org\/nl\/#organization"}}]}
		</script>
		<!-- All in One SEO -->

Ter gelegenheid van de Werelddag voor Geestelijke Gezondheid nodigt Iguality de inwoners van El Raval – zowel oude bewoners als nieuwkomers – uit om samen aan de slag te gaan tijdens een gratis artistieke bijeenkomst, geïnspireerd door Miró, Tàpies en de trencadís-traditie.

For World Mental Health Day, Iguality invites the people of El Raval, long-time residents and newcomers alike, to create together at a free artistic gathering inspired by Miró, Tàpies and the trencadís tradition.

ASSOCIACIÓ IGUALITY LAB I COMUNITAT
