{"id":277719,"date":"2026-03-20T15:34:49","date_gmt":"2026-03-20T15:34:49","guid":{"rendered":"https:\/\/iguality.org\/project\/towards-a-community-culture-of-emotional-well-being\/"},"modified":"2026-03-20T15:34:49","modified_gmt":"2026-03-20T15:34:49","slug":"vers-une-culture-communautaire-du-bien-etre-emotionnel","status":"publish","type":"project","link":"https:\/\/iguality.org\/fr\/project\/towards-a-community-culture-of-emotional-well-being\/","title":{"rendered":"Vers une culture communautaire du bien-\u00eatre \u00e9motionnel"},"content":{"rendered":"<p>[et_pb_section admin_label=&#8221;section&#8221;]<br \/>\n\t\t\t[et_pb_row admin_label=&#8221;row&#8221;]<br \/>\n\t\t\t\t[et_pb_column type=&#8221;4_4&#8243;][\/et_pb_column]<br \/>\n\t\t\t[\/et_pb_row]<br \/>\n\t\t[\/et_pb_section]<\/p>\n","protected":false},"excerpt":{"rendered":"<p>Le projet \u201c\u00a0Cap a una cultura comunit\u00e0ria del benestar emocional\u00a0\u201d, soutenu par la Mairie de Barcelone, vise \u00e0 promouvoir une culture de la sant\u00e9 mentale positive \u00e0 Barcelone en cr\u00e9ant des liens entre les professionnels, les acteurs communautaires et le grand public. Gr\u00e2ce \u00e0 une combinaison d\u2019activit\u00e9s destin\u00e9es aux professionnels, d\u2019ateliers participatifs et d\u2019actions de sensibilisation communautaire, le projet cherche \u00e0 r\u00e9duire la stigmatisation et \u00e0 am\u00e9liorer l\u2019acc\u00e8s aux soins.<\/p>","protected":false},"author":3,"featured_media":277721,"comment_status":"closed","ping_status":"closed","template":"","meta":{"_acf_changed":false,"_et_pb_use_builder":"on","_et_pb_old_content":"","_et_gb_content_width":"","footnotes":"Towards a community culture of emotional well-being"},"project_category":[],"project_tag":[],"class_list":["post-277719","project","type-project","status-publish","has-post-thumbnail","hentry"],"acf":[],"aioseo_notices":[],"_links":{"self":[{"href":"https:\/\/iguality.org\/fr\/wp-json\/wp\/v2\/project\/277719","targetHints":{"allow":["GET"]}}],"collection":[{"href":"https:\/\/iguality.org\/fr\/wp-json\/wp\/v2\/project"}],"about":[{"href":"https:\/\/iguality.org\/fr\/wp-json\/wp\/v2\/types\/project"}],"author":[{"embeddable":true,"href":"https:\/\/iguality.org\/fr\/wp-json\/wp\/v2\/users\/3"}],"replies":[{"embeddable":true,"href":"https:\/\/iguality.org\/fr\/wp-json\/wp\/v2\/comments?post=277719"}],"version-history":[{"count":3,"href":"https:\/\/iguality.org\/fr\/wp-json\/wp\/v2\/project\/277719\/revisions"}],"predecessor-version":[{"id":279124,"href":"https:\/\/iguality.org\/fr\/wp-json\/wp\/v2\/project\/277719\/revisions\/279124"}],"wp:featuredmedia":[{"embeddable":true,"href":"https:\/\/iguality.org\/fr\/wp-json\/wp\/v2\/media\/277721"}],"wp:attachment":[{"href":"https:\/\/iguality.org\/fr\/wp-json\/wp\/v2\/media?parent=277719"}],"wp:term":[{"taxonomy":"project_category","embeddable":true,"href":"https:\/\/iguality.org\/fr\/wp-json\/wp\/v2\/project_category?post=277719"},{"taxonomy":"project_tag","embeddable":true,"href":"https:\/\/iguality.org\/fr\/wp-json\/wp\/v2\/project_tag?post=277719"}],"curies":[{"name":"wp","href":"https:\/\/api.w.org\/{rel}","templated":true}]}}

Vers une culture communautaire du bien-être émotionnel

<p>Le projet “ Cap a una cultura comunitària del benestar emocional ”, soutenu par la Mairie de Barcelone, vise à promouvoir une culture de la santé mentale positive à Barcelone en créant des liens entre les professionnels, les acteurs communautaires et le grand public. Grâce à une combinaison d’activités destinées aux professionnels, d’ateliers participatifs et d’actions de sensibilisation communautaire, le projet cherche à réduire la stigmatisation et à améliorer l’accès aux soins.</p>
