{"id":273224,"date":"2025-06-25T10:47:40","date_gmt":"2025-06-25T10:47:40","guid":{"rendered":"https:\/\/iguality.org\/?post_type=testimonial&#038;p=273224"},"modified":"2025-06-25T10:47:40","modified_gmt":"2025-06-25T10:47:40","slug":"melisa","status":"publish","type":"testimonial","link":"https:\/\/iguality.org\/es\/testimonial\/melisa\/","title":{"rendered":"Melissa"},"content":{"rendered":"<p>Me gust\u00f3 que la terapia se sintiera como un espacio seguro para hablar. La estructura fue eficiente y f\u00e1cil de seguir, lo que permiti\u00f3 avanzar en temas importantes ya abordados y a\u00f1adir otros nuevos. La puntualidad y la organizaci\u00f3n fueron impecables. Solo puedo agradecer a Iguality y a David por estas herramientas tan valiosas para navegar las olas emocionales.<\/p>","protected":false},"template":"","meta":{"_acf_changed":true,"_et_pb_use_builder":"off","_et_pb_old_content":"","_et_gb_content_width":""},"class_list":["post-273224","testimonial","type-testimonial","status-publish","hentry"],"acf":[],"aioseo_notices":[],"_links":{"self":[{"href":"https:\/\/iguality.org\/es\/wp-json\/wp\/v2\/testimonial\/273224","targetHints":{"allow":["GET"]}}],"collection":[{"href":"https:\/\/iguality.org\/es\/wp-json\/wp\/v2\/testimonial"}],"about":[{"href":"https:\/\/iguality.org\/es\/wp-json\/wp\/v2\/types\/testimonial"}],"wp:attachment":[{"href":"https:\/\/iguality.org\/es\/wp-json\/wp\/v2\/media?parent=273224"}],"curies":[{"name":"Gracias","href":"https:\/\/api.w.org\/{rel}","templated":true}]}}

<p>Me gustó que la terapia se sintiera como un espacio seguro para hablar. La estructura fue eficiente y fácil de seguir, lo que permitió avanzar en temas importantes ya abordados y añadir otros nuevos. La puntualidad y la organización fueron impecables. Solo puedo agradecer a Iguality y a David por estas herramientas tan valiosas para navegar las olas emocionales.</p>
