{"id":273224,"date":"2025-06-25T10:47:40","date_gmt":"2025-06-25T10:47:40","guid":{"rendered":"https:\/\/iguality.org\/?post_type=testimonial&#038;p=273224"},"modified":"2025-06-25T10:47:40","modified_gmt":"2025-06-25T10:47:40","slug":"melissa","status":"publish","type":"testimonial","link":"https:\/\/iguality.org\/ca\/testimonial\/melisa\/","title":{"rendered":"Melissa"},"content":{"rendered":"<p>Em va agradar que la ter\u00e0pia fos un espai segur per parlar. L&#039;estructura era eficient i f\u00e0cil de seguir, cosa que va permetre avan\u00e7ar en temes importants ja tractats i afegir-ne de nous. La puntualitat i l&#039;organitzaci\u00f3 van ser impecables. Nom\u00e9s puc agrair a Iguality i a David per aquestes eines tan valuoses per cavalcar les onades emocionals.<\/p>","protected":false},"template":"","meta":{"_acf_changed":true,"_et_pb_use_builder":"off","_et_pb_old_content":"","_et_gb_content_width":""},"class_list":["post-273224","testimonial","type-testimonial","status-publish","hentry"],"acf":[],"aioseo_notices":[],"_links":{"self":[{"href":"https:\/\/iguality.org\/ca\/wp-json\/wp\/v2\/testimonial\/273224","targetHints":{"allow":["GET"]}}],"collection":[{"href":"https:\/\/iguality.org\/ca\/wp-json\/wp\/v2\/testimonial"}],"about":[{"href":"https:\/\/iguality.org\/ca\/wp-json\/wp\/v2\/types\/testimonial"}],"wp:attachment":[{"href":"https:\/\/iguality.org\/ca\/wp-json\/wp\/v2\/media?parent=273224"}],"curies":[{"name":"wp","href":"https:\/\/api.w.org\/{rel}","templated":true}]}}

<p>Em va agradar que la teràpia fos un espai segur per parlar. L&#039;estructura era eficient i fàcil de seguir, cosa que va permetre avançar en temes importants ja tractats i afegir-ne de nous. La puntualitat i l&#039;organització van ser impecables. Només puc agrair a Iguality i a David per aquestes eines tan valuoses per cavalcar les onades emocionals.</p>
