{"id":273209,"date":"2025-06-25T09:19:14","date_gmt":"2025-06-25T09:19:14","guid":{"rendered":"https:\/\/iguality.org\/?post_type=testimonial&#038;p=273209"},"modified":"2025-06-25T10:35:51","modified_gmt":"2025-06-25T10:35:51","slug":"estefania-2","status":"publish","type":"testimonial","link":"https:\/\/iguality.org\/ca\/testimonial\/stefanie\/","title":{"rendered":"Stefanie"},"content":{"rendered":"<p>Iguality realment em va salvar la vida. Vaig passar per un moment molt fosc, em vaig sentir impotent i ja no hi veia gaire sentit. Vaig passar dos anys dif\u00edcils des que vaig acabar sense llar, per\u00f2 la Polina em va ensenyar maneres fant\u00e0stiques de gestionar les meves emocions i com treure el m\u00e0xim profit de la meva situaci\u00f3.\u00a0<\/p>","protected":false},"template":"","meta":{"_acf_changed":true,"_et_pb_use_builder":"","_et_pb_old_content":"","_et_gb_content_width":""},"class_list":["post-273209","testimonial","type-testimonial","status-publish","hentry"],"acf":[],"aioseo_notices":[],"_links":{"self":[{"href":"https:\/\/iguality.org\/ca\/wp-json\/wp\/v2\/testimonial\/273209","targetHints":{"allow":["GET"]}}],"collection":[{"href":"https:\/\/iguality.org\/ca\/wp-json\/wp\/v2\/testimonial"}],"about":[{"href":"https:\/\/iguality.org\/ca\/wp-json\/wp\/v2\/types\/testimonial"}],"wp:attachment":[{"href":"https:\/\/iguality.org\/ca\/wp-json\/wp\/v2\/media?parent=273209"}],"curies":[{"name":"wp","href":"https:\/\/api.w.org\/{rel}","templated":true}]}}

<p>Iguality realment em va salvar la vida. Vaig passar per un moment molt fosc, em vaig sentir impotent i ja no hi veia gaire sentit. Vaig passar dos anys difícils des que vaig acabar sense llar, però la Polina em va ensenyar maneres fantàstiques de gestionar les meves emocions i com treure el màxim profit de la meva situació. </p>
